{"id":527,"date":"2023-11-07T11:56:59","date_gmt":"2023-11-07T10:56:59","guid":{"rendered":"https:\/\/aurart.org\/events\/participacion-en-ii-jornadas-tempus-fugit-barcelona\/"},"modified":"2023-11-09T12:28:52","modified_gmt":"2023-11-09T11:28:52","slug":"participacion-en-ii-jornadas-tempus-fugit-barcelona","status":"publish","type":"mec-events","link":"https:\/\/aurart.org\/es\/events\/participacion-en-ii-jornadas-tempus-fugit-barcelona\/","title":{"rendered":"Participaci\u00f3n en II Jornadas \u201cTempus Fugit\u201d Barcelona"},"content":{"rendered":"<p>Segundas jornadas sobre Historia Viva en Barcelona \u00abTempus Fugit\u00bb.<br \/>\nEl espect\u00e1culo como herramienta did\u00e1ctica para la recuperaci\u00f3n de la memoria hist\u00f3rica.<\/p>\n","protected":false},"excerpt":{"rendered":"<p>Segundas jornadas sobre Historia Viva en Barcelona \u00abTempus Fugit\u00bb. El espect\u00e1culo como herramienta did\u00e1ctica para la recuperaci\u00f3n de la memoria hist\u00f3rica.<\/p>\n","protected":false},"author":1,"featured_media":70,"comment_status":"closed","ping_status":"closed","template":"","tags":[],"mec_category":[31],"class_list":["post-527","mec-events","type-mec-events","status-publish","has-post-thumbnail","hentry","mec_category-congresos"],"jetpack_sharing_enabled":true,"_links":{"self":[{"href":"https:\/\/aurart.org\/es\/wp-json\/wp\/v2\/mec-events\/527","targetHints":{"allow":["GET"]}}],"collection":[{"href":"https:\/\/aurart.org\/es\/wp-json\/wp\/v2\/mec-events"}],"about":[{"href":"https:\/\/aurart.org\/es\/wp-json\/wp\/v2\/types\/mec-events"}],"author":[{"embeddable":true,"href":"https:\/\/aurart.org\/es\/wp-json\/wp\/v2\/users\/1"}],"replies":[{"embeddable":true,"href":"https:\/\/aurart.org\/es\/wp-json\/wp\/v2\/comments?post=527"}],"wp:featuredmedia":[{"embeddable":true,"href":"https:\/\/aurart.org\/es\/wp-json\/wp\/v2\/media\/70"}],"wp:attachment":[{"href":"https:\/\/aurart.org\/es\/wp-json\/wp\/v2\/media?parent=527"}],"wp:term":[{"taxonomy":"post_tag","embeddable":true,"href":"https:\/\/aurart.org\/es\/wp-json\/wp\/v2\/tags?post=527"},{"taxonomy":"mec_category","embeddable":true,"href":"https:\/\/aurart.org\/es\/wp-json\/wp\/v2\/mec_category?post=527"}],"curies":[{"name":"wp","href":"https:\/\/api.w.org\/{rel}","templated":true}]}}

Participación en II Jornadas “Tempus Fugit” Barcelona

<p>Segundas jornadas sobre Historia Viva en Barcelona «Tempus Fugit».<br />
El espectáculo como herramienta didáctica para la recuperación de la memoria histórica.</p>

<p>Segundas jornadas sobre Historia Viva en Barcelona «Tempus Fugit». El espectáculo como herramienta didáctica para la recuperación de la memoria histórica.</p>
