{"id":1089,"date":"2026-01-15T20:56:16","date_gmt":"2026-01-15T19:56:16","guid":{"rendered":"https:\/\/aurart.org\/?post_type=product&#038;p=1089"},"modified":"2026-02-06T11:22:28","modified_gmt":"2026-02-06T10:22:28","slug":"caixa-del-temps-de-viatge-per-les-cultures-iberiques","status":"publish","type":"product","link":"https:\/\/aurart.org\/es\/producto\/caixa-del-temps-de-viatge-per-les-cultures-iberiques\/","title":{"rendered":"Caixa del Temps: De viatge per les Cultures Ib\u00e8riques"},"content":{"rendered":"<p data-start=\"325\" data-end=\"662\"><strong data-start=\"325\" data-end=\"365\">De viatge per les Cultures Ib\u00e8riques<\/strong> \u00e9s una caixa did\u00e0ctica pensada per a fam\u00edlies, docents i persones curioses que volen apropar-se a les cultures ib\u00e8riques d\u2019una manera activa i participativa. No \u00e9s un joc ni un llibre: \u00e9s una invitaci\u00f3 a <strong data-start=\"589\" data-end=\"626\">explorar, observar i preguntar-se<\/strong> com vivien les persones del passat.<\/p>\n<p data-start=\"664\" data-end=\"870\">A partir d\u2019un gran mapa de la costa mediterr\u00e0nia de la Pen\u00ednsula Ib\u00e8rica, la caixa proposa un viatge pel territori ib\u00e8ric a trav\u00e9s de jaciments i museus, fomentant el descobriment aut\u00f2nom i la construcci\u00f3 col\u00b7lectiva del coneixement.<\/p>\n<h3 data-start=\"1235\" data-end=\"1258\"><strong data-start=\"1239\" data-end=\"1258\">Qu\u00e8 inclou la caixa?<\/strong><\/h3>\n<ul data-start=\"906\" data-end=\"1228\">\n<li data-start=\"906\" data-end=\"970\">\n<p data-start=\"908\" data-end=\"970\">\ud83d\uddfa\ufe0f <strong data-start=\"912\" data-end=\"938\">P\u00f2ster-mapa 50 \u00d7 80 cm<\/strong>\u00a0plegat<\/p>\n<\/li>\n<li data-start=\"971\" data-end=\"1054\">\n<p data-start=\"973\" data-end=\"1054\">\ud83d\udcd3 <strong data-start=\"976\" data-end=\"998\">Llibreta de viatge<\/strong> per a prendre notes, dibuixar i registrar descobriments<\/p>\n<\/li>\n<li data-start=\"1055\" data-end=\"1120\">\n<p data-start=\"1057\" data-end=\"1120\">\ud83d\udfe2\ud83d\udfe0 <strong data-start=\"1062\" data-end=\"1088\">Enganxines i etiquetes<\/strong> per a marcar els llocs visitats<\/p>\n<\/li>\n<li data-start=\"1121\" data-end=\"1228\">\n<p data-start=\"1123\" data-end=\"1228\">\ud83d\udcf2 <strong data-start=\"1126\" data-end=\"1180\">Acc\u00e9s a una experi\u00e8ncia interactiva col\u00b7laborativa<\/strong> on compartir impressions, fotos i recomanacions<\/p>\n<\/li>\n<\/ul>\n<h3 data-start=\"1235\" data-end=\"1258\"><strong data-start=\"1239\" data-end=\"1258\">Com s\u2019utilitza?<\/strong><\/h3>\n<ul>\n<li>A casa o a l&#8217;aula<\/li>\n<li data-start=\"1281\" data-end=\"1343\">\n<p data-start=\"1283\" data-end=\"1343\">Abans, durant o despr\u00e9s d\u2019una visita a un museu o jaciment<\/p>\n<\/li>\n<li data-start=\"1344\" data-end=\"1415\">\n<p data-start=\"1346\" data-end=\"1415\">Com a punt de partida per a parlar de territori, hist\u00f2ria i patrimoni<\/p>\n<\/li>\n<li data-start=\"1416\" data-end=\"1449\">\n<p data-start=\"1418\" data-end=\"1449\">Al ritme de cada fam\u00edlia o grup<\/p>\n<\/li>\n<\/ul>\n<h3 data-start=\"1456\" data-end=\"1477\"><strong data-start=\"1460\" data-end=\"1477\">Per a qui \u00e9s?<\/strong><\/h3>\n<ul data-start=\"1478\" data-end=\"1651\">\n<li data-start=\"1478\" data-end=\"1522\">\n<p data-start=\"1480\" data-end=\"1522\">Fam\u00edlies amb xiquets i xiquetes curioses<\/p>\n<\/li>\n<li data-start=\"1523\" data-end=\"1546\">\n<p data-start=\"1525\" data-end=\"1546\">Mestres i educadors<\/p>\n<\/li>\n<li data-start=\"1547\" data-end=\"1588\">\n<p data-start=\"1549\" data-end=\"1588\">Amants de la hist\u00f2ria i del patrimoni<\/p>\n<\/li>\n<li data-start=\"1589\" data-end=\"1651\">\n<p data-start=\"1591\" data-end=\"1651\">Persones que busquen materials educatius cuidats i amb rigor<\/p>\n<\/li>\n<\/ul>\n<p data-start=\"1875\" data-end=\"2065\"><strong data-start=\"1875\" data-end=\"1922\">Una primera parada d\u2019un projecte m\u00e9s ampli.<\/strong><br data-start=\"1922\" data-end=\"1925\" \/>Aquesta \u00e9s la primera de les <em data-start=\"1954\" data-end=\"1972\">Caixes del Temps<\/em> d\u2019Aur-Art. Molt prompte arribaran noves caixes dedicades a altres temes i per\u00edodes hist\u00f2rics.<\/p>\n","protected":false},"excerpt":{"rendered":"<p>Caixa did\u00e0ctica per a descobrir els jaciments arqueol\u00f2gics i els museus sobre les Cultures Ib\u00e8riques<\/p>\n","protected":false},"featured_media":1096,"template":"","meta":{"_et_pb_use_builder":"","_et_pb_old_content":"","_et_gb_content_width":""},"product_brand":[],"product_cat":[77],"product_tag":[],"class_list":{"0":"post-1089","1":"product","2":"type-product","3":"status-publish","4":"has-post-thumbnail","6":"product_cat-caixes-del-temps","8":"first","9":"instock","10":"shipping-taxable","11":"purchasable","12":"product-type-simple"},"jetpack_sharing_enabled":true,"_links":{"self":[{"href":"https:\/\/aurart.org\/es\/wp-json\/wp\/v2\/product\/1089","targetHints":{"allow":["GET"]}}],"collection":[{"href":"https:\/\/aurart.org\/es\/wp-json\/wp\/v2\/product"}],"about":[{"href":"https:\/\/aurart.org\/es\/wp-json\/wp\/v2\/types\/product"}],"wp:featuredmedia":[{"embeddable":true,"href":"https:\/\/aurart.org\/es\/wp-json\/wp\/v2\/media\/1096"}],"wp:attachment":[{"href":"https:\/\/aurart.org\/es\/wp-json\/wp\/v2\/media?parent=1089"}],"wp:term":[{"taxonomy":"product_brand","embeddable":true,"href":"https:\/\/aurart.org\/es\/wp-json\/wp\/v2\/product_brand?post=1089"},{"taxonomy":"product_cat","embeddable":true,"href":"https:\/\/aurart.org\/es\/wp-json\/wp\/v2\/product_cat?post=1089"},{"taxonomy":"product_tag","embeddable":true,"href":"https:\/\/aurart.org\/es\/wp-json\/wp\/v2\/product_tag?post=1089"}],"curies":[{"name":"wp","href":"https:\/\/api.w.org\/{rel}","templated":true}]}}

Caixa del Temps: De viatge per les Cultures Ibèriques

<p data-start="325" data-end="662"><strong data-start="325" data-end="365">De viatge per les Cultures Ibèriques</strong> és una caixa didàctica pensada per a famílies, docents i persones curioses que volen apropar-se a les cultures ibèriques d’una manera activa i participativa. No és un joc ni un llibre: és una invitació a <strong data-start="589" data-end="626">explorar, observar i preguntar-se</strong> com vivien les persones del passat.</p>
<p data-start="664" data-end="870">A partir d’un gran mapa de la costa mediterrània de la Península Ibèrica, la caixa proposa un viatge pel territori ibèric a través de jaciments i museus, fomentant el descobriment autònom i la construcció col·lectiva del coneixement.</p>
<h3 data-start="1235" data-end="1258"><strong data-start="1239" data-end="1258">Què inclou la caixa?</strong></h3>
<ul data-start="906" data-end="1228">
<li data-start="906" data-end="970">
<p data-start="908" data-end="970">🗺️ <strong data-start="912" data-end="938">Pòster-mapa 50 × 80 cm</strong> plegat</p>
</li>
<li data-start="971" data-end="1054">
<p data-start="973" data-end="1054">📓 <strong data-start="976" data-end="998">Llibreta de viatge</strong> per a prendre notes, dibuixar i registrar descobriments</p>
</li>
<li data-start="1055" data-end="1120">
<p data-start="1057" data-end="1120">🟢🟠 <strong data-start="1062" data-end="1088">Enganxines i etiquetes</strong> per a marcar els llocs visitats</p>
</li>
<li data-start="1121" data-end="1228">
<p data-start="1123" data-end="1228">📲 <strong data-start="1126" data-end="1180">Accés a una experiència interactiva col·laborativa</strong> on compartir impressions, fotos i recomanacions</p>
</li>
</ul>
<h3 data-start="1235" data-end="1258"><strong data-start="1239" data-end="1258">Com s’utilitza?</strong></h3>
<ul>
<li>A casa o a l&#8217;aula</li>
<li data-start="1281" data-end="1343">
<p data-start="1283" data-end="1343">Abans, durant o després d’una visita a un museu o jaciment</p>
</li>
<li data-start="1344" data-end="1415">
<p data-start="1346" data-end="1415">Com a punt de partida per a parlar de territori, història i patrimoni</p>
</li>
<li data-start="1416" data-end="1449">
<p data-start="1418" data-end="1449">Al ritme de cada família o grup</p>
</li>
</ul>
<h3 data-start="1456" data-end="1477"><strong data-start="1460" data-end="1477">Per a qui és?</strong></h3>
<ul data-start="1478" data-end="1651">
<li data-start="1478" data-end="1522">
<p data-start="1480" data-end="1522">Famílies amb xiquets i xiquetes curioses</p>
</li>
<li data-start="1523" data-end="1546">
<p data-start="1525" data-end="1546">Mestres i educadors</p>
</li>
<li data-start="1547" data-end="1588">
<p data-start="1549" data-end="1588">Amants de la història i del patrimoni</p>
</li>
<li data-start="1589" data-end="1651">
<p data-start="1591" data-end="1651">Persones que busquen materials educatius cuidats i amb rigor</p>
</li>
</ul>
<p data-start="1875" data-end="2065"><strong data-start="1875" data-end="1922">Una primera parada d’un projecte més ampli.</strong><br data-start="1922" data-end="1925" />Aquesta és la primera de les <em data-start="1954" data-end="1972">Caixes del Temps</em> d’Aur-Art. Molt prompte arribaran noves caixes dedicades a altres temes i períodes històrics.</p>

<p>Caixa didàctica per a descobrir els jaciments arqueològics i els museus sobre les Cultures Ibèriques</p>
